 + 4*f, -2*h = 7*f - 3*f. Calculate the remainder when 44 is divided by h.
0
Suppose -p + 28 = p. Let b(f) = 3*f + 11. Suppose -20 = z - 5*z. What is the remainder when b(z) is divided by p?
12
Let u(o) = 7*o - 84. Calculate the remainder when u(24) is divided by 46.
38
Suppose 0 = -7*s + 10*s - 60. Let m = 45 - s. Calculate the remainder when 73 is divided by m.
23
Let x be 7/2*(-12)/(-21). Suppose -x*t = 4*c, 2*c - 3*t - 10 + 2 = 0. Let b = c - -14. Calculate the remainder when 40 is divided by b.
10
Suppose -3*k + 10 = -2. What is the remainder when 34 is divided by 19*((-4)/(-1))/k?
15
Let d(u) = 4*u**2 - 28*u - 246. What is the remainder when d(-7) is divided by 33?
14
Suppose -2*l + 44 = 2*l. Suppose -3*v + 4*d + 160 = v, -3*v + 2*d = -122. Calculate the remainder when v is divided by l.
9
Calculate the remainder when 86 is divided by (-418)/(-12) - (-5)/30.
16
Let t(p) = 3*p**2 + 52*p + 74. Calculate the remainder when 88 is divided by t(-16).
8
Suppose 0 = -3*j + 557 - 362. What is the remainder when j is divided by 7?
2
Let p = -13 - -40. Let x = p - 2. Suppose 0*h - 55 = -h + 3*v, 5*v = -x. What is the remainder when h is divided by 14?
12
Suppose -108*p + 121*p - 494 = 0. What is the remainder when 53 is divided by p?
15
Let l(j) = 8*j**3 - 7*j**2 + 10*j - 36. What is the remainder when 724 is divided by l(3)?
136
Suppose 0 = -145*b + 139*b + 1662. Calculate the remainder when b is divided by 40.
37
Suppose 2*t - 2*k - 2 + 10 = 0, -t - 16 = -4*k. Suppose t = 3*v + 5*v - 72. What is the remainder when 14 is divided by v?
5
Suppose -25 = -0*t + 2*t - r, 68 = -5*t - 3*r. Let d(i) = i**2 + 14*i + 16. What is the remainder when d(t) is divided by ((-3)/2)/(1/(-2))?
0
Let k(q) = 13*q**2 + 4*q - 3. Let w = -53 + 85. What is the remainder when k(3) is divided by w?
30
Let z(d) = 5*d**2 + 21*d + 168. Calculate the remainder when z(-10) is divided by 149.
11
Calculate the remainder when (-8338)/(-18)*3 + 35/15 is divided by 82.
80
Let t be (-30)/1 - 0/10. Let d be 1*-5*144/t. Suppose d = 5*r - 101. What is the remainder when 72 is divided by r?
22
Let v = 52 - 128. Let b = v + 130. What is the remainder when b is divided by 4/((-4)/(-42)*3)?
12
Let n(d) = -13*d - 141. Suppose 4*f + 6 = 6*f. What is the remainder when f is divided by n(-11)?
1
Let z be 4 + (-9)/3*(-100)/(-6). Let x = z + 50. Calculate the remainder when 7 is divided by x.
3
Let d be ((-54)/36)/((-3)/(-68)). Let z = d + 54. Calculate the remainder when z is divided by 12.
8
Suppose 0 = 2*w + 13*h - 15*h - 142, 0 = 4*w + 3*h - 249. Let q = -1 + -1. What is the remainder when w is divided by (q - 1)*(-68)/6?
32
Suppose 140*f = 31 + 3049. Calculate the remainder when 482 is divided by f.
20
Suppose s + 3*d - 25 = 0, -2*s - 5*d + 71 = -6*d. Let p = s + -11. What is the remainder when p is divided by 12?
11
Let p be (-4)/((-33)/(-12) + -3). Suppose -6 = 2*v - p. Suppose 3*s + 72 = 7*s. What is the remainder when s is divided by v?
3
Suppose 5*z - 3*z = 3*j + 21, j - 1 = -2*z. What is the remainder when 62 is divided by (-2 + 0)/(j/40)?
14
Let l(u) = 4*u - u**2 - 3*u + 6*u + 3. What is the remainder when 42 is divided by l(4)?
12
Let v(t) = -2*t - 12. Let j be v(9). What is the remainder when 183 is divided by -2*(6/(-15) + 543/j)?
35
Suppose -2*r = -4*r. Suppose r = -5*l + 2 + 18. Suppose l*i + 5*c = 3*i + 33, 2*i - 3*c - 14 = 0. What is the remainder when i is divided by 8?
5
Let q(r) be the second derivative of -r**5/20 - 2*r**4/3 + 4*r**3/3 + 4*r**2 - 3*r. Calculate the remainder when q(-9) is divided by 10.
7
Suppose -52 = r - 5*r. Let y(t) = 10*t - 6. Calculate the remainder when y(3) is divided by r.
11
Let b(c) = 3*c**2 + 4*c + 3. Let y = -20 - -23. Suppose y*a + 0*a - 84 = -5*g, -5*g + 15 = 0. What is the remainder when b(4) is divided by a?
21
Let b(d) = -6*d + 71. What is the remainder when b(7) is divided by 11?
7
Let a = -59 - -104. Calculate the remainder when 12 is divided by 1/(2 + a/(-25)).
2
Suppose -4*a - p - 106 - 57 = 0, 5*a + 3*p = -202. Let n = 24 - a. Calculate the remainder when n is divided by 11.
10
Let s = -13 + 23. Suppose -5*b = s, -2*x - b - 2*b = -24. What is the remainder when -3*266/(-21) - -6 is divided by x?
14
Suppose -4*o - m + 3*m = -2554, 2*o = -4*m + 1282. Calculate the remainder when o is divided by 108.
99
Suppose 2*n - 3*r = 93, 7 = 4*r + 3. What is the remainder when n is divided by 27?
21
Suppose -2*h + 5*j = -141 - 56, 0 = -5*h + 3*j + 464. Calculate the remainder when h is divided by 34.
23
Suppose -55*c + 1233 = -3277. Calculate the remainder when c is divided by 1/2 - (-81)/6.
12
Calculate the remainder when (5 - (0 - 338)) + 11 + -6 is divided by 43.
4
Let s = 349 + -97. Calculate the remainder when s is divided by 26.
18
Let l = 38 - 42. What is the remainder when 33 is divided by l/(-2) - (6 + -5)*-17?
14
Let v be 18 - (-1 + (4 - 1)). Let p = 97 - v. Calculate the remainder when p is divided by 21.
18
Suppose 25 = 2*l - 15. Let s be (105/l + -3)*76. Let z = s - 113. Calculate the remainder when z is divided by 20.
18
What is the remainder when (-2)/10*-2 - (-146146)/910 is divided by 27?
26
Suppose 0*d + 16 = d. Let w(f) = -f**3 - 4*f**2 - 2*f - 3. Let z be w(-4). Suppose z*l - 48 = 182. What is the remainder when l is divided by d?
14
Suppose 0 = -10*b + 8*b - 2. Let i be -1 + -1 + (b - -9). Calculate the remainder when 18 is divided by ((-14)/i)/(1/(-3)).
4
Let n(o) = 8*o + 10 + 7*o - 7*o + 2*o. Let z be n(3). Suppose y = -y + z. Calculate the remainder when y is divided by 11.
9
Suppose -3*w - 60 = -15*w. Suppose 0 = w*o - 10, -o - 23 = -u - 7. Calculate the remainder when 67 is divided by u.
13
Suppose w - 9 = -2*v, 8 - 18 = 5*v. What is the remainder when 25 is divided by w?
12
Let f(z) = 2*z**2 + 74*z + 439. Let b = 7 - -16. Calculate the remainder when b is divided by f(-30).
4
Let v(f) = f**3 - 12*f**2 - 14*f + 23. Let i be v(12). Let l = -68 - i. What is the remainder when l is divided by 20?
17
Suppose 2*d = 8 + 28. Let x = -9 + d. Let g = 39 - 23. Calculate the remainder when g is divided by x.
7
Calculate the remainder when 202 is divided by (-72)/(-2) - (3 + -23)/4.
38
Let y be (19 + 0)*(-3 - -5). Suppose 4*t - 2*t - y = 0. What is the remainder when 34 is divided by t?
15
Let i be (-2)/4 + (-4)/(-8). Suppose 16 = 4*a - i*z - 4*z, 0 = -a + 3*z. Calculate the remainder when 35 is divided by a.
5
Let d(w) = -w**3 + 11*w**2 + 8*w + 9. Let q be d(11). Suppose 8 = 5*t - q. Calculate the remainder when 82 is divided by t.
19
Let k be 9 - 2/4*2. Suppose 2*p + k - 28 = 0. Calculate the remainder when 47 is divided by p.
7
Let w(n) = -n**2 - 5*n + 6. Let h be 2 + -2 - (6 + -3). Let f be 2 - 0 - (-18)/h. What is the remainder when 25 is divided by w(f)?
5
Suppose -23*z = -1465 - 4331. What is the remainder when z is divided by 33?
21
Suppose 3*o - 6 = 0, -5*v = -v + 3*o - 14. Suppose -3*r - 5*d - 14 = 0, -4 = 4*r - 2*d - 20. What is the remainder when v is divided by r?
0
Let f = -24 + 27. Suppose -y - 46 = -f*r, -2*r - 4*y + 27 + 13 = 0. Calculate the remainder when r is divided by 10.
6
Let n(l) = -l**3 - 2*l**2 + 2*l - 1. Let s be n(-3). Suppose -s*x = -4*i + 8, -i + 3*x = 8 - 0. Calculate the remainder when 13 is divided by i.
1
Let m be (-2)/4*(5 - 25). Calculate the remainder when 2 is divided by 16/m - 14/(-35).
0
Suppose -b + 13 = -15. Let p = b + -11. Calculate the remainder when p is divided by 18/(-5)*115/(-69).
5
Let w(z) = z**3 - 3*z**2 - 5*z + 2. Let g be w(4). Let j(b) = -7*b**2 - b - 2. Let a be j(g). Calculate the remainder when 59 is divided by (-4)/14 + (-428)/a.
14
Let i(q) = -q**3 - 7*q**2 - 5. Suppose 10*y - 13*y = n - 27, -16 = -4*y. Calculate the remainder when i(-8) is divided by n.
14
Let u(a) = 11*a**2 + a + 1. Let t be u(-1). Let c = 12 - t. What is the remainder when 24 is divided by ((0 + 1)*13)/c?
11
What is the remainder when 101 is divided by (-2 - 7)/(6/(-6 + 4))?
2
Let b(k) = 25*k - 101. Calculate the remainder when 101 is divided by b(6).
3
Calculate the remainder when 393 is divided by 33/((-11)/(-242)*11).
63
Let p = 124 + -115. What is the remainder when 32 is divided by p?
5
Calculate the remainder when 76 is divided by (-20)/10 - (-74)/1.
4
Let p = 29 + -27. Suppose -4*v = -2*l + p, 